(-9) - (-14)/k. Suppose -3 = -a + 5. Calculate the greatest common divisor of s and a.
8
Let p(q) = 5*q**2 - q + 3. Let z be p(3). Let i be 5*(-9)/(z/(-116)). What is the greatest common factor of i and 174?
58
Let w(i) = i**2 - 275*i + 3704. Let a be w(0). What is the greatest common factor of 16 and a?
8
Let n be (7 - -3)*(-50)/4. Let s = -91 - -10. Let h = s - n. What is the highest common divisor of h and 4?
4
Let u be 1064/40 + 2/5*45/(-30). What is the greatest common divisor of u and 130?
26
Let z(p) = 7*p + 135. Let b be ((-81)/162)/((-2)/(-76)). Let j be z(b). What is the highest common divisor of j and 164?
2
Suppose 0 = 4*t - 3*a - 725, -400*t = -399*t + 2*a - 162. What is the highest common divisor of 2376 and t?
88
Let w be 18/(-117) + 8383/(-13). Let z be -3 + (1/(-6) - w/90). Let b = 24 - 20. What is the greatest common divisor of b and z?
4
Let p = 7252 + -4692. What is the greatest common factor of 40 and p?
40
Suppose -83*w - 9796 + 35908 = -55726. What is the greatest common factor of w and 58?
58
Let c(r) = -58*r - 36. Let v be c(-4). Let h = v + -99. Let z = 98 - h. Calculate the highest common divisor of z and 11.
1
Let s(c) = 6*c + 1860. Let w be s(-93). What is the greatest common factor of w and 105?
21
Let z = -5 + 1. Let i(u) be the second derivative of -u**4/12 - 5*u**3/3 + 3*u**2/2 + 32*u. Let b be i(z). Calculate the greatest common factor of 81 and b.
27
Suppose -43 = -2*n + 5*b + 237, 3*n + 4*b = 420. Calculate the highest common divisor of n and 4795.
35
Let z(w) = 25*w**2 + 176*w - 2024. Let j be z(14). Calculate the greatest common factor of 12 and j.
12
Let z be 2 + 16/(-2) - (-462 - 531). What is the greatest common divisor of z and 4653?
141
Suppose -3*w - 3*o - 246 + 888 = 0, 4*w - 870 = 3*o. Calculate the greatest common factor of 168 and w.
24
Let b be (16 + 372)/(-1 - -2). Suppose -3*z - 4*t + b = -z, 20 = 5*t. What is the greatest common divisor of 155 and z?
31
Let c(v) = -31*v + 215. Let j be c(5). Let t = -4 + 10. Suppose -3*u = -t*u + j. What is the greatest common factor of 220 and u?
20
Let z = -44655 - -44691. Suppose 2*p + p - 81 = 0. Calculate the highest common divisor of p and z.
9
Let u(m) = -10*m - 2. Let y be u(2). Let g be y/77 - 590/28*-4. Let k be (g/(-9))/(4/(-6) + 0). Calculate the highest common factor of 224 and k.
14
Suppose -4*o = -7*o - 3*i + 6879, -4*i = -5*o + 11519. Calculate the highest common divisor of 19 and o.
19
Let p(f) = -f**3 - 16*f**2 - 84*f - 34. Let o be p(-15). Calculate the greatest common factor of o and 1456.
91
Let x = 13512 + -11575. What is the greatest common factor of 52 and x?
13
Let h be (-833184)/(-1408) - (-26)/8. Calculate the highest common divisor of h and 3145.
85
Let n be -1 + -47 + (-4)/2. Let o = 95 + n. Let l be (128/(-24))/((-2)/o). What is the highest common factor of l and 15?
15
Let g be (1 - 13)/(-4)*85. Let t be (-228)/95*4/((-8)/85). What is the greatest common factor of t and g?
51
Suppose -x = 5*k + 23, -3*x = x + 2*k + 2. Suppose -x*w = -3*w - 2*u + 76, -w + 2*u + 84 = 0. What is the highest common factor of 10 and w?
10
Suppose 0 = -1174*k + 1123*k + 357. Let s be 2514/45 - 6/(-45). What is the highest common divisor of k and s?
7
Suppose -27*q + 1801 = -1277. Calculate the highest common factor of 6 and q.
6
Let s = -5911 - -8620. What is the highest common factor of 126 and s?
63
Let g be (-2181)/(-27) + (-6)/(-27). Suppose -5*t + 5*a = -15, -2*a = 4*t - 4 - 14. Suppose 11*w = t*w + 63. Calculate the greatest common factor of w and g.
9
Let c be 63*(-483)/(-126)*6. Calculate the greatest common factor of 92 and c.
23
Let n(r) = -13*r + 461. Let w be n(-15). What is the greatest common factor of w and 369?
41
Let k = -4590 - -4597. What is the greatest common factor of 6671 and k?
7
Let v(h) = -89*h. Let y be v(-1). Let o(c) = 2*c**2 - 954*c + 10430. Let s be o(11). What is the highest common divisor of y and s?
89
Let v(w) = w**3 - 66*w**2 + 89*w - 1509. Let l be v(65). Calculate the greatest common factor of l and 114.
3
Let m be 4 + -8 + (9 - -2). Let d be m - 2/(-4)*6 - 0. Suppose d*c = 55 + 75. Calculate the highest common divisor of c and 39.
13
Let y be ((-352)/(-11))/(-2)*-16. Calculate the greatest common factor of 1792 and y.
256
Let w(y) = -5*y**2 - 187*y + 182. Let a be w(-7). What is the greatest common divisor of 14 and a?
14
Suppose 4*b - 3*j = 8112, -3*b - 3*j + 3459 + 2604 = 0. Calculate the highest common factor of 108 and b.
27
Suppose 0 = -2*b + 30*u - 31*u + 3970, -b + 1917 = 9*u. What is the greatest common factor of 1287 and b?
117
Let x = -2010 - -3797. Let l = -1521 + x. Let u = 66 + -28. Calculate the highest common factor of u and l.
38
Suppose 2*u = 2*c - 208, 0 = -2*c - 3*u + 290 - 92. Let x = -179972 + 180618. Calculate the greatest common factor of c and x.
34
Suppose 3*b + 3*u = 6*b - 1059, -4*b - 3*u = -1454. Calculate the greatest common divisor of 1 and b.
1
Suppose 2*t = -3*t + 5. Let f(v) = v**3 + 117*v**2 - 488*v - 477. Let d be f(-121). Calculate the greatest common divisor of d and t.
1
Suppose -2*w + 20 = -3*r, 2*w - 11 - 13 = 4*r. Suppose 0 = 5*b - 4*c - 173, -w*b + 2*c = -3*b - 31. Calculate the greatest common divisor of b and 111.
37
Let o(a) = 11*a**3 - 14*a**2 - 10*a + 10. Let j be o(-6). Let k be 15/(-195) + j/(-26). Let c = -8 - -20. Calculate the greatest common factor of c and k.
12
Let y(b) = -2726*b + 30004. Let z be y(11). Let q = 336 - 174. Calculate the highest common divisor of z and q.
18
Suppose 41010 = -468*w + 492*w - 510. What is the greatest common factor of w and 10?
10
Let n = -122 - -693. Let c = n - 131. Calculate the highest common factor of 80 and c.
40
Suppose -5*y + 412 = 5*p - 663, y + 641 = 3*p. Suppose -26 = -4*n + p. Let w = 16 + -1. Calculate the greatest common factor of w and n.
15
Let d be 10 - ((-16)/12 + 2*2/12). What is the greatest common factor of d and 143?
11
Suppose 3*x - 333 = 663. Suppose -4*b = 5*z + x, -2*b = -2*z + 3*b - 113. Let c = z + 100. What is the greatest common factor of c and 9?
9
Let d(z) = -114*z + 14. Let b be d(-2). Suppose -7*o - 3*f = -9*o + b, -5*f = -o + 135. Calculate the highest common divisor of o and 46.
23
Suppose 0 = -2*o + 4 + 92. Suppose 3*m + 7*s = 6*s + o, 5*s = m. Let j = -56 + 101. What is the highest common factor of j and m?
15
Let z = -15797 + 15842. Suppose 3*f = -5*s + 4*s + 30, -3*s = 3*f - 66. Calculate the greatest common factor of z and s.
9
Let h = -8071 - -8107. Suppose -62 = 2*b - 254. Calculate the greatest common factor of h and b.
12
Let n(d) = 2*d**2 - 125*d - 2328. Let z be n(-18). What is the greatest common divisor of z and 1615?
95
Suppose 0 = -4*n - n + 15. Let r be n/(-6)*4*-2. Suppose 2*x - 42 = 3*h, -70 = -x - x - r*h. What is the greatest common divisor of x and 9?
9
Let h = -59743 + 59807. Suppose c - 13 = 11. Calculate the highest common factor of h and c.
8
Let k be (301776/13)/3 - (-244)/1586. Calculate the greatest common divisor of k and 73.
73
Suppose -l + 30 = -0*l. Let i(z) = 3*z**3 - 2*z**2 + z + 2. Let w be i(-1). Let n be w*(-30)/(54/15 - 2). What is the greatest common divisor of l and n?
15
Suppose 97*a + 4*y + 1960 = 100*a, 3*a + 4*y - 1952 = 0. What is the greatest common divisor of 12 and a?
4
Suppose -8*y = -7*y - 630. Let c = y + -422. What is the greatest common factor of c and 156?
52
Let w = -24 + 36. Let z be (168/49)/(20/770). Calculate the greatest common factor of w and z.
12
Suppose 254*s - 15662205 + 5245665 = 0. What is the highest common divisor of s and 30?
30
Let y = 185 - 194. Let n(i) = i**3 + 10*i**2 + 7*i + 8. Let r be n(y). What is the greatest common divisor of r and 39?
13
Suppose -11*b = -7*b + 100. Let x = b - -27. Let w be 2 + (-14)/10 - (-27)/5. What is the highest common divisor of x and w?
2
Suppose 3*l - 1557 = -0*l. Let m = -376 + l. Calculate the highest common factor of m and 11.
11
Let q(z) = 4 - 7 + z**2 - 5*z - 20. Let t be q(10). Let p be ((-2)/1 + -1)/(32/(-288)). Calculate the highest common factor of p and t.
27
Suppose -4*l + 3*g + 1 = -0*g, 4*l + 2*g = 6. Suppose 18*f - 7*f - 33 = 0. Suppose f*t = 72 - 57. Calculate the greatest common factor of t and l.
1
Suppose -4*u + 29*j - 31*j = 260, 2*j - 307 = 5*u. Let y = 82 + u. Wh